2 - -56. Suppose -b = 11*b - 48. Let p = b + f. What are the prime factors of p?
2, 61
Suppose 7*i = 1 + 20. Suppose 5*d = -4*f - 947, -3*d - i*f + 0*f = 567. Let c = d + 369. List the prime factors of c.
2, 89
List the prime factors of (1328/(-24))/(10/(-855)).
3, 19, 83
Suppose 4*k + 37*m - 42544 = 41*m, 0 = k - 2*m - 10635. List the prime factors of k.
11, 967
Suppose -4*i - 2*s + 16 = 4, 2*s - 3 = -i. Suppose 5*m + 3901 = 4*w, -2*w = i*m + 894 + 1429. Let l = -535 - m. List the prime factors of l.
2, 11
Let w = -639 + 6338. What are the prime factors of w?
41, 139
Let c(d) = 18*d - 179. Suppose -15*u = -154 - 266. What are the prime factors of c(u)?
5, 13
Suppose -15*p + 3486 = -13*p. Suppose -m + 2 = 0, 2*k - p = 5*m - 507. List the prime factors of k.
7, 89
Let j = 18291 + -11571. What are the prime factors of j?
2, 3, 5, 7
Let n = 1523 - -2836. List the prime factors of n.
3, 1453
Suppose 0 = -127*z + 136*z - 43974. What are the prime factors of z?
2, 7, 349
Let n = 22 + -19. Suppose -13 = -4*m + n. List the prime factors of 72*((-6)/(-24) - (-3)/m).
2, 3
Suppose -10*o = 4*o - 378. Let c be (-531)/(-12)*(4 - 0/(-1)). Suppose 26*i = o*i - c. List the prime factors of i.
3, 59
Suppose 6*n - 37*n + 80941 = 0. What are the prime factors of n?
7, 373
Suppose 0 = 2370*y - 2388*y + 1260. What are the prime factors of y?
2, 5, 7
Let h be 0 + (-5 - -8) + -1. Suppose h*u + 23 = 199. Suppose 8*c - u = 344. What are the prime factors of c?
2, 3
Let t be (1 + (-132)/(-16))/(7/(-28)). Let y(r) = -r**3 - 39*r**2 - 90*r - 47. List the prime factors of y(t).
5, 109
Suppose -65*m = -140*m + 3144450. What are the prime factors of m?
2, 20963
Let m be (-10)/(-4)*(-3)/((-30)/100). Suppose 5*p = -5*c + 150, 3*p - 3*c = 2*p + 38. Let n = p - m. What are the prime factors of n?
7
Let v = 21916 - 2850. What are the prime factors of v?
2, 9533
Suppose 0 = -4*q + 2*z + 11484 + 10952, 0 = 4*q - 3*z - 22434. What are the prime factors of q?
2, 3, 5, 11, 17
Suppose -4*v = -4*m - 25440, -25738 = -5*v - 2*m + 6097. List the prime factors of v.
5, 19, 67
Suppose 5768 - 32318 = -50*j. Let g = j + -152. List the prime factors of g.
379
Let b = 2736 - 541. Suppose m - b = -4*m. List the prime factors of m.
439
Let d = -22 - -31. Let n be ((-1335)/d*1)/(5/15). Let m = n + 637. List the prime factors of m.
2, 3
List the prime factors of (-335)/(((-6)/(-20))/((-342)/190)).
2, 3, 5, 67
Let a = -87 - -707. Suppose -14*k = -9*k - a. Suppose 8*x = k - 4. List the prime factors of x.
3, 5
Suppose 5*t - 10 = 0, -4*t - 122 = 2*h - 8*t. Let p = -15 - h. What are the prime factors of ((-10)/3)/((-4)/p)?
5, 7
Suppose 14*a + 31223 - 104523 = 103436. List the prime factors of a.
2, 3, 263
Let h = 603 + -600. Let l(x) = -10 + 6*x + 14*x + 4*x - 7*x. List the prime factors of l(h).
41
Let w = -777 - -511. Let b = w + 511. What are the prime factors of b?
5, 7
Let x be 4/22 + -3074*(-12)/33. Let f = x - -539. What are the prime factors of f?
1657
Suppose 2*v = -5*p - 0*v + 10996, -v - 2 = 0. Suppose -3*d - 4*i + 1322 = 0, 3*d - 4*i - p = -870. What are the prime factors of d?
2, 13, 17
Let s be ((-1968)/10)/(6/180*-6). Suppose 991*x - s*x - 13692 = 0. What are the prime factors of x?
2, 3, 163
Suppose -13 = -3*g + 5. Let x(j) = j**2 - 18*j + 76. Let s be x(10). List the prime factors of (-9)/g + (-110)/s.
2, 13
Let l be ((-72)/(-30))/((-3)/310). Let h = l - -426. List the prime factors of h/26 - (-20)/130.
7
Suppose 0 = 9*o - 2610 + 981. Let c = 116 + o. List the prime factors of c.
3, 11
Let p(z) = z**2 - 3*z + 4. Suppose 5*m + 4 = 14. Let i be p(m). What are the prime factors of (-7)/7 + (-10)/(i*-1)?
2
Let n = 5 + 1. Let t be 903/n + 6/(-12). Let x = -71 + t. List the prime factors of x.
79
Suppose 4*r - 4*n + 52 + 12 = 0, -20 = -5*n. Let i = r - -148. List the prime factors of i.
2, 17
Let l be ((-2)/(8/30))/((-6)/16). Let s(t) be the second derivative of -t**3/6 + 25*t**2/2 + 10*t. What are the prime factors of s(l)?
5
Let h(z) = -z**3 + 39*z**2 - 2*z - 11. What are the prime factors of h(29)?
19, 439
What are the prime factors of (-5472)/20*(-9 - (-27)/18)?
2, 3, 19
Let h(m) = -m**3 + 12*m**2 - 10*m - 7. Let s = 31 - 20. Let x be h(s). Suppose -248 = -3*l - c, -x*c - 62 = -l + 12. List the prime factors of l.
2, 41
Suppose -15 = 11*d - 59. Suppose 0 = -d*u - w + 344, 13*u - 2*w = 17*u - 348. List the prime factors of u.
5, 17
Suppose -2*t + 41 = 1. Let h(c) = -4*c**2 - 52*c - 44. Let i be h(-12). Suppose 0 = -i*s + 3*x + t + 89, 2*s - 4*x = 52. List the prime factors of s.
2, 7
Let j(z) = 39*z**2 + 63*z - 578. What are the prime factors of j(14)?
2, 1987
Let r = -2 - -3. Let d be 27/(-216) + 270/(-16) - -3. What are the prime factors of (d - r)*9/(-9)?
3, 5
Suppose j + 70 = 74. What are the prime factors of ((-852)/8 + 6)*j/(-3)?
2, 67
List the prime factors of (-96)/336 + (-73994)/(-14).
5, 7, 151
Let f(g) = g - 5 - g - 2*g + g. Let h be f(-5). Suppose h*n - 655 = -5*n - 5*p, 0 = 5*n - 2*p - 655. List the prime factors of n.
131
Suppose -5*c + 5*t - 80 = 0, 2*t = 5*c + 7*t + 40. Let f be (0/(c/3))/(-2). Suppose f = k - 4*q - 5, -4*q = -k - 3*k + 20. What are the prime factors of k?
5
Let m be 1 - (-6)/(-9)*(-19 - -16). Suppose 7*h = m*q + 4*h - 1065, -5*q = 5*h - 1775. List the prime factors of q.
5, 71
List the prime factors of -5 + -1 + (0 - -1) - 288176/(-62).
4643
Let m(u) be the first derivative of -24*u**2 - 7*u + 15. Let h(c) = -97*c - 13. Let n(b) = 4*h(b) - 7*m(b). What are the prime factors of n(-2)?
101
Let j(w) = 10*w + 203. Let v be j(-20). Suppose -v*o = -26*o + 18883. List the prime factors of o.
821
Suppose t - 348 = -120. Suppose d + 87 = v - 28, 2*d + t = 4*v. Let w = d + 208. What are the prime factors of w?
2, 23
Suppose 0 = 2*j - 0 - 0. Suppose -5*c + 22 - 2 = j. List the prime factors of 0 + 0 + -129*(c + -5).
3, 43
Let g(a) = a**2 - 9*a + 2. Let d be g(9). Let r be 48 - (-3 - -2)*4. Let h = d + r. What are the prime factors of h?
2, 3
Let g(a) = a**3 + 4*a**2 + 3*a. Let o be g(-3). List the prime factors of (0 - 0) + (434 - o) + 5.
439
Suppose 9*b - 6*b - 1627 = 2*f, 5*b - 3257 = 4*f. Let c = f + 1642. What are the prime factors of c?
2, 103
Let n(v) = -97*v + 23. Let w be n(-5). Suppose 4*f + w = 4*k - 0*k, -3*k + 2*f + 381 = 0. Suppose -k = -6*t - 13. List the prime factors of t.
19
Suppose -a + 76271 = 18*r, 6*r - 10*r + 381269 = 5*a. List the prime factors of a.
76253
Suppose 5*s + 2*d - 60550 = 0, -3*s + 36330 = -48*d + 51*d. What are the prime factors of s?
2, 5, 7, 173
Let u = 1040 - 579. Let x = -97 + u. List the prime factors of x.
2, 7, 13
Let d be (0/1)/((-16)/(-10 + 2)). Suppose i = -5*s - 15, 2*i + 2*s + 0 - 2 = 0. Suppose i*f + 152 - 602 = d. What are the prime factors of f?
2, 3, 5
Suppose 555873 + 15531 = 34*x. List the prime factors of x.
2, 3, 2801
Suppose 5*y + 2*q = -1048, -5*y - 1054 = -9*q + 5*q. Let n = y - -684. Suppose n = -2*k + 5*k. List the prime factors of k.
2, 79
Suppose -5*p + 1209 = -2*p. Suppose 7730 + 3842 + 366 = -47*n. Let b = n + p. What are the prime factors of b?
149
List the prime factors of ((0 - -1733)*(-32)/32)/((-1)/13).
13, 1733
Let u = -751 - -7713. List the prime factors of u.
2, 59
Suppose 0 = -4591*x + 4623*x - 790208. List the prime factors of x.
2, 12347
Let v(d) = 5937*d - 17. List the prime factors of v(1).
2, 5, 37
Let u(i) = 86*i**2 - 1379*i + 77. What are the prime factors of u(40)?
19, 43, 101
List the prime factors of 6754*639*42/2079.
2, 71, 307
Let l(v) = v**3 + 32*v**2 + 29*v - 85. Let r be l(-31). Let g = 35 - r. List the prime factors of g.
2, 29
Suppose -82*f - 42*f = 12*f - 1914608. What are the prime factors of f?
2, 7039
Let r(o) = 18219*o - 1266. List the prime factors of r(2).
2, 3, 977
Suppose -3*w - 6508 = q - 26237, w - 5*q = 6603. What are the prime factors of w?
2, 11, 13, 23
List the prime factors of (-197163)/684*(-83 - -3).
2, 5, 1153
Suppose -5*r + 40 = -0*r. Suppose -5*q + 13 = 4*x, 5*x - r - 7 = -5*q. Suppose 4*j - 15 = -u + 322, x*j - u - 173 = 0. List the prime factors of j.
5, 17
Let h(k) = k**2 + 5*k + 40856. What are the prime factors of h(0)?
2, 5107
Let d(g) be the second derivative of -g**5/20 - 23*g**4/12 - 3*g**3/2 - g**2 + 34*g - 3. List the prime factors of d(-23)